 76 + -16 + -5 + -30?
-8
Evaluate (31 - -67 - 18) + -47.
33
60 + -39 - (-3 + 34 + -16)
6
Calculate (8 - (11 - (-3 + 107)) - -16) + 19.
136
Evaluate -1 + 15 - ((4 + 4 - 1) + 6) - -8.
9
What is (-4 - 2) + (-17 - (31 - 19 - (4 + 0)))?
-31
What is the value of -2 + (54 - (-25 - (-56 + (13 - -3))))?
37
77 + 67 + -128 + 52
68
What is -12 + 6 - (1 + -23 + 1) - (-80 - -88)?
7
5 + (-1 - 5 - (9 + 15 + -13))
-12
(-40 - (-58 + 30) - (-1 + -26)) + -12
3
What is (3 - -111 - (-2 + 1)) + -22307 + 22304?
112
-65 - (78 + (-133 - 68))
58
Evaluate 401 + -384 - (-7 + (-6 - -5) + 82).
-57
Evaluate -18 + -1 + 0 - (-17 + (27 - 23)).
-6
What is (-4 + (4 - 8) - (2 - -9)) + -12?
-31
-6 + (29 - 25) - 22 - (3 - 1 - 0)
-26
Calculate -27 - ((-29 - (-21 - 48)) + -28).
-39
What is the value of 44 + -47 - -2 - 34?
-35
Calculate -119 - -156 - (-14 + 7).
44
What is -45 - (-241 + 80 - -73)?
43
Evaluate -12 + (16 - -3) + -10 + 127 - 13 - -11.
122
Evaluate -18 - ((15 - 13) + (14 - (0 - -5)) - 12).
-17
Evaluate 6 - (2 + 0 - (40 - 39)).
5
What is the value of -75 + (-22 - -2) + 34 + -5?
-66
Evaluate -14 + (0 - -25) + -2 + (-1 - (2 - 2)).
8
0 + 23 + (26 - ((6 - -7) + 8)) + -1
27
33 + (-8 - (49 - 39) - (-2 - 6))
23
Evaluate (29 + 27 - -4) + -31.
29
(-157 - 36 - -267) + (0 - 0 - 14)
60
What is (58 - 144 - -95) + 76?
85
Calculate 80 + -4 - (-13 + 28 + -9 + 4).
66
-1 + -20 - (-456 - -472)
-37
What is (1 + 10 - (-293 + 296)) + 13?
21
Evaluate 1 + 8 + (15 - 4 - -1) + 807 + -820.
8
-12 - (-28 - -14) - ((7 - -1) + 34)
-40
What is -24 + (17 - 2) + 17 - (3 - -11)?
-6
What is -35 - (3 + (11 - 19 - 14))?
-16
Calculate -65 + -8 + 62 + -54.
-65
What is (-11 - (-31 - -9)) + -14 - (67 + (-3 - -5))?
-72
Evaluate 8 - 17 - (-11 - (4 + -9) - (5 - -4)).
6
What is the value of 117 - (129 + -66 + 51)?
3
(3 - -14 - 3 - (178 + -190)) + 16
42
Calculate -22 + (-9 - (-20 + -46)).
35
6 + 2 + (-26 - -16) + 12 + (-12 - 0)
-2
-1 + (21 - ((78 - 20) + -20)) + 16
-2
0 - -87 - (-7250 - -7352)
-15
Evaluate -27 + -24 + 26 + 71.
46
Evaluate -22 - (14 - (-51 - 17) - (10 + -2)).
-96
17 + -9 + 0 + (-23 - -7) + 1
-7
Calculate -102 + 168 + -80 - -39.
25
6914 + -7014 + 0 + 8
-92
Evaluate (11 - 8) + 5 + -4 + 6 + -1 + -9.
0
Evaluate 76 + 1 + (28 - 3) + 0 + 148 + -183.
67
Calculate -32 - ((-71 - -31) + (58 - -16)).
-66
What is the value of 36 - ((-11 - -73) + -52)?
26
Evaluate 1 + -10 - (0 + 5 - (-23 - -30) - -16).
-23
Evaluate 36 + 30 + -87 + (0 - -8) + 25.
12
What is -22 - -10 - (246 + -210)?
-48
Calculate -4 - (9 + (5 - -29)).
-47
What is the value of 8 - (105 + (-77 - -46))?
-66
Calculate (-15 - -32 - -54) + -28.
43
What is (-8 - -11 - -1) + -134 + 110?
-20
Evaluate (12615 - 12618) + (-4 - -1) + 76 + 0.
70
Evaluate 19 - (-58 + 119) - (-1 - -9 - (-2 + 5)).
-47
Calculate 2 - 21 - (438 - 470).
13
What is the value of (-33 - -67 - 16) + 26?
44
Calculate (-3 - (-22 - 6)) + -7 + -12 - 59.
-53
Evaluate 5 + -9 + 2 + (-16 - -24) - -67.
73
(47 - (-6 + 70)) + 20
3
What is the value of 19 + (-10 - (15 - 11) - -26)?
31
What is (2 - 41) + (-3 - -24) + 34?
16
What is 34 + -4 - (-175 - -169)?
36
What is 12 + 11 + (-7 - 2) + -2 + 8 + -11?
9
What is (1 - 10) + -1 + 16 + 7?
13
5 + -44 + -2 - (-32 + (-25 - -47))
-31
What is 53 - ((11 + -25 - -13) + 26)?
28
Evaluate 55 - 58 - (10 - 121).
108
Evaluate -15 + (40 + -16 + -2 - -7) + -91.
-77
What is 6 - (11 + 4 - 63)?
54
What is (-14 - ((-62 - -31) + 2)) + -79?
-64
What is the value of (23 - 70) + -27 + 2?
-72
What is 13 + (-30 - (17 - 51) - -1)?
18
Evaluate 165 + (8 - 125) - 123.
-75
-3 + 4 - (-806 - -825)
-18
Calculate (-5 - (4 + (-5 - -3))) + -14 + 3.
-18
Evaluate -4 - (-34 + (11 - -1 - 7)).
25
Evaluate -10 + 8 + 10 - (-10 + (30 - -5)).
-17
(2 - -16) + -1 + (92 + -157 - -81)
33
Evaluate (43 - 62) + 7 + 42.
30
What is -33 + (1 + 6 - (-91 + 115 - (30 - 1)))?
-21
Evaluate (-28 + 54 - 13) + 37 + -6.
44
(844 - 866) + (51 - 0 - 2)
27
Evaluate (-65 - (-73 + 67 + 5 + 1)) + (-10 - -19).
-56
(-82 - (-10 - (7 - 15))) + (6 - 7 - -6)
-75
Calculate 2 - -4 - (118 + -132).
20
(9 - (4 + (-6 - -2))) + 24 + 6
39
What is the value of 6 + 0 + 86 + -1703 + 1673?
62
Evaluate -28 + -111 + 62 + 59.
-18
Calculate 24 - (101 - 100 - (-6 + -4)).
13
(20 - (79 + -25)) + -9 + 2
-41
Calculate 2 - 11 - (7 + -10 - -3) - (-100 + 50).
41
What is 88 - (8 - (-26 + -24))?
30
6 + (-10 + 14 - 13) + (-2 - (-1 + 64))
-68
3 + -20 - (-163 + 78)
68
11 + (-84 - -114) - (-3 + 8 + 0 + -2)
38
Calculate -1 + (22 - (-35 + 42 + 24)).
-10
Evaluate (293 - 308) + -2 + 1 - 13.
-29
Calculate 15 + 9 + (-2 - 4) + (-6 - (8 - 18)).
22
What is the value of -7 + -216 + 311 + 0 + 4 + -16?
76
What is (-30 - -15) + (-9 - 4) + -11 + 5?
-34
What is the value of -121 - ((20 - 8) + -25 + -2 + 16 + -4)?
-118
Evaluate 9 - (5 + (-4 - 7) + 3 + -10 + 11).
11
What is the value of -26 - (2 + -12) - (-49 + 2)?
31
Evaluate -77 - (12 - 40) - -55.
6
What is the value of (59 - 9) + 139 + -179?
10
Evaluate (28 - 68 - -19) + -17 + -5.
-43
What is -30 + -14 + (-8 + 6 - -14) + (58 - 62)?
-36
What is the value of 10 - (-23 + 0 + -35 + 44)?
24
What is the value of 28 + 1 + (28 - 31 - -7)?
33
(71 + -72 - (-4 + 8 + -3)) + -93
-95
What is 63 + 87 + -134 + 55?
71
What is the value of -1388 - -1385 - (0 + (-4 - -2)) - -69?
68
What is 8 - (0 - -12) - ((-34 + 11 - -7) + 3)?
9
What is the value of 7 + (5 - -2) + (8 - -10 - 77) + -3?
-48
Evaluate -10 + 22 + 22 + -12 + -37 + 7 + 1.
-7
What is 28 - (-144 - -185) - (1 + 0 + -5)?
-9
52 + -23 + -13 + 7 + (-8 - 34)
-19
45 - -199 - 245 - (0 + 0 + -67 + -2)
68
What is 74 + 36 + (-69 - -5)?
46
What is -23 + -13 + (11 + -3 + 2 - 0)?
-26
Evaluate -14 + (-4 - (-3 + (18 - 17))).
-16
What is the value of (54 - 30) + -4 + -25 + 8 + -4 + -55?
-56
Evaluate 184 + -15 - (-2 + (83 - 41)).
129
What is (-5 - (25 - 9)) + 12 + 15?
6
What is (7 - ((7 - -2) + 78 + -80 - -10)) + 126?
116
What is the value of (5 - ((3 - (19 + -34)) + -18)) + 2 + 92?
99
(0 - -8) + -63 + 30 + 18 - 52
-59
Calculate 7 + 0 - (23 - (-54 - 36) - 65).
-41
Calculate (-52 - (-73 - 22)) + (-5 + 3 - -3) + 0.
44
-796 + 774 + (40 + 0 - 1)
17
Evaluate (0 - -62) + (669 - 664) - 15.
52
What is the value of 22 - (1 - (4 - 9) - -3)?
13
(23 - 79) + (6 - -7)
-43
What is (-17 - 30 - -10) + 76?
39
Evaluate (2 - -18) + (4 + -5 + 36 - 33).
22
Evaluate -79 + -35 + 31 + 70.
-13
What is the value of 150 - (-24 - -100) - 68?
6
Evaluate 126 - (6 - 3) - (-1767 - -1796).
94
51 + 47 - 136 - (2 - -1 - -11)
-52
Calculate (-13 - -1) + (27 - 21 - -59 - -2).
55
What is 51 + (26 - 0 - 49)?
28
(1 - (-12 + 10)) + 6 + -4 + -5 + -23
-23
What is 233 - 227 - (-15 + (1 - -1))?
19
-6 + -73 + 57 + (9 - -10)
-3
Calculate 1 + 0 + (-94 - (-9 - -18)) - (104 + -107).
-99
Evaluate 3 + -18 + -118 + 109 - 57.
-81
Evaluate -28 - (-8 + -49 - -61).
-32
-14 - (116 - 71 - 63)
4
15 + (-7 - (-9 - (-10 + -1 + 12)))
18
(4 + -4 - -1) + (-7 - (-37 - -47))
-16
Calculate 48 + 16 - (4 + 2 + 11 + -4).
51
Calculate 56 + 0 + -10 + -30.
16
Calculate 0 - 44 - (-3491 + 3333).
114
Calculate 15 + 0 - ((-16 - (-21 + 17)) + -9).
36
What is the value of 1665 + -1701 + (-2 - -49)?
11
(3 - 21) + 9 + (1 + 2 + -6 - 0)
-12
Calculate (24 - 29) + (37 - (7 + (0 - -4))).
21
-55 - (44 + -77 + 11)
-33
(-38 - 4) + (-3 - -4) - (-519 - -525)
-47
-8 - (-42 + -14 - (-30 + 19))
37
5 + -1 - (-11 - (-23 - -1)) - (-6 + -1)
0
25 - (-12 - -4 - (-85 - 3))
-55
Calculate -6 + 57 - -21 - (8 + 11).
53
What is ((-253 - -239) + (0 - -1) - -11) + 7?
5
What is the value of 3 - 5 - (-236 - -222)?
12
What is the value of (50 - 17) + 5 - 109?
-71
Calculate 11 + (-1 - 9 - (0 - (7 + -14))).
-6
(292 - (426 - 140)) + -71 + 1 + 1
-63
What is 2195 - 2176 - (4 + -7 - -5)?
17
-5 + 32 + -25 + -50
-48
What is (-1 + 2 + -3 - (-8 + -17)) + -10?
13
Calculate (-18 - (-17 - 12)) + -58 + -1 + -5.
-53
Calculate (-1 - 5) + 4 + -12 - (37 + -156 + -33).
138
What is (-10 - -2) + (-13 - (-77 - -49))?
7
Evaluate 469 + -453 + (1 - 1) - -9.
25
What is the value of (-478 - -395) + (5 - -40)?
-38
What is the value of 330 - 353 - (-30 - 3)?
10
Evaluate 1 + -61 + -1 + (1 - (-35 - -21)).
-46
What is the value of -69 + 17 + 15 + 67?
30
What is the value of -42 - (-7 - -19) - (6 + 0 + -18)?
-42
What is the value of 18 - (-28 - -19 - -24) - (-33 + -1 + -2)?
39
(4 + -38 - (56 - 47)) + 16
-27
579 + -500 - (-2 - -20)
61
What is 4 + -